{"id":163,"date":"2023-06-08T12:33:28","date_gmt":"2023-06-08T12:33:28","guid":{"rendered":"https:\/\/naturheilpraxis-becker.com\/?page_id=163"},"modified":"2023-06-14T12:34:23","modified_gmt":"2023-06-14T12:34:23","slug":"romy-becker","status":"publish","type":"page","link":"https:\/\/naturheilpraxis-becker.com\/?page_id=163","title":{"rendered":""},"content":{"rendered":"\t\t<div data-elementor-type=\"wp-page\" data-elementor-id=\"163\" class=\"elementor elementor-163\">\n\t\t\t\t\t\t<section class=\"elementor-section elementor-top-section elementor-element elementor-element-2edd14f9 elementor-section-boxed elementor-section-height-default elementor-section-height-default\" data-id=\"2edd14f9\" data-element_type=\"section\" data-e-type=\"section\">\n\t\t\t\t\t\t<div class=\"elementor-container elementor-column-gap-default\">\n\t\t\t\t\t<div class=\"elementor-column elementor-col-100 elementor-top-column elementor-element elementor-element-7e76606\" data-id=\"7e76606\" data-element_type=\"column\" data-e-type=\"column\">\n\t\t\t<div class=\"elementor-widget-wrap elementor-element-populated\">\n\t\t\t\t\t\t<div class=\"elementor-element elementor-element-1a5477e7 elementor-widget elementor-widget-text-editor\" data-id=\"1a5477e7\" data-element_type=\"widget\" data-e-type=\"widget\" data-widget_type=\"text-editor.default\">\n\t\t\t\t<div class=\"elementor-widget-container\">\n\t\t\t\t\t\t\t\t\t\n<div class=\"wp-block-group alignfull\"><div class=\"wp-block-group__inner-container is-layout-constrained wp-block-group-is-layout-constrained\">\n<div class=\"wp-block-cover alignfull is-light\" style=\"min-height: 502px; padding: var(--wp--preset--spacing--30);aspect-ratio:unset;\"><span aria-hidden=\"true\" class=\"wp-block-cover__background has-black-background-color has-background-dim\"><\/span><img fetchpriority=\"high\" decoding=\"async\" width=\"2000\" height=\"1300\" class=\"wp-block-cover__image-background wp-image-199\" alt=\"\" src=\"https:\/\/naturheilpraxis-becker.com\/wp-content\/uploads\/2023\/06\/du-bist.jpg\" data-object-fit=\"cover\" srcset=\"https:\/\/naturheilpraxis-becker.com\/wp-content\/uploads\/2023\/06\/du-bist.jpg 2000w, https:\/\/naturheilpraxis-becker.com\/wp-content\/uploads\/2023\/06\/du-bist-300x195.jpg 300w, https:\/\/naturheilpraxis-becker.com\/wp-content\/uploads\/2023\/06\/du-bist-1024x666.jpg 1024w, https:\/\/naturheilpraxis-becker.com\/wp-content\/uploads\/2023\/06\/du-bist-768x499.jpg 768w, https:\/\/naturheilpraxis-becker.com\/wp-content\/uploads\/2023\/06\/du-bist-1536x998.jpg 1536w\" sizes=\"(max-width: 2000px) 100vw, 2000px\" \/>\r\n<div class=\"wp-block-cover__inner-container is-layout-flow wp-block-cover-is-layout-flow\">\n\n<h1 class=\"wp-block-heading\">\u00dcber Mich<\/h1>\n\n\r\n\r\n\n<h1 class=\"wp-block-heading alignwide has-text-align-left\" id=\"we-re-a-studio-in-berlin-with-an-international-practice-in-architecture-urban-planning-and-interior-design-we-believe-in-sharing-knowledge-and-promoting-dialogue-to-increase-the-creative-potential-of-collaboration\" style=\"font-size: 48px; line-height: 1.1;\"><mark style=\"background-color: rgba(0, 0, 0, 0);\" class=\"has-inline-color has-header-gradient-color\"><strong>&#171;Wenn ich Menschen und Tier behandle,<br \/>gebe ich stets das Beste!&#187;<\/strong><\/mark><\/h1>\n\n<\/div>\r\n<\/div>\n<\/div><\/div>\n\n\n\n<div style=\"height:50px\" aria-hidden=\"true\" class=\"wp-block-spacer\"><\/div>\n\n\n\n<div class=\"wp-block-query is-layout-flow wp-block-query-is-layout-flow\"><ul class=\"wp-block-post-template is-layout-flow wp-block-post-template-is-layout-flow\"><li class=\"wp-block-post post-69 post type-post status-publish format-standard has-post-thumbnail hentry category-uncategorized\">\n\n<div class=\"wp-block-columns alignwide is-layout-flex wp-container-core-columns-is-layout-28f84493 wp-block-columns-is-layout-flex\">\n<div class=\"wp-block-column is-layout-flow wp-block-column-is-layout-flow\" style=\"flex-basis:66.66%\"><div class=\"wp-block-image\">\n<figure class=\"aligncenter size-full is-resized\"><img decoding=\"async\" src=\"https:\/\/naturheilpraxis-becker.com\/wp-content\/uploads\/2023\/06\/Landphysio_Becker_Romy-Becker_Tierphysio-512x512-2.jpg\" alt=\"\" class=\"wp-image-191\" width=\"439\" height=\"439\" srcset=\"https:\/\/naturheilpraxis-becker.com\/wp-content\/uploads\/2023\/06\/Landphysio_Becker_Romy-Becker_Tierphysio-512x512-2.jpg 512w, https:\/\/naturheilpraxis-becker.com\/wp-content\/uploads\/2023\/06\/Landphysio_Becker_Romy-Becker_Tierphysio-512x512-2-300x300.jpg 300w, https:\/\/naturheilpraxis-becker.com\/wp-content\/uploads\/2023\/06\/Landphysio_Becker_Romy-Becker_Tierphysio-512x512-2-150x150.jpg 150w\" sizes=\"(max-width: 439px) 100vw, 439px\" \/><\/figure>\n<\/div><\/div>\n\n\n\n<div class=\"wp-block-column is-layout-flow wp-block-column-is-layout-flow\" style=\"flex-basis:33.33%\">\n<p>Ich bin Physiotherapeutin aus Leidenschaft. Ich liebe es den Menschen und den Tieren zu helfen und sie auf dem Weg der Genesung zu unterst\u00fctzen.<br><br>Meine Tiere waren bis jetzt immer nur mein Hobby, umso gl\u00fccklicher bin ich jetzt, da ich mein Hobby in den Beruf mit einflie\u00dfen lassen kann.<br><br>Jetzt helfe ich nicht nur den Menschen sondern auch ihren treuen Weggef\u00e4hrten, den Hunden und Pferden.<br><br>Sollten Sie Bedarf an einer Behandlung oder Therapie haben, dann freue ich mich \u00fcber eine Kontaktanfrage. Gern rufe ich Sie auch zur\u00fcck.<\/p>\n<\/div>\n<\/div>\n\n<\/li><\/ul><\/div>\n\n\n\n\n\n<hr class=\"wp-block-separator has-css-opacity is-style-default\"\/>\n\n\n<div class=\"wp-block-image is-style-rounded\">\n<figure class=\"aligncenter size-large is-resized\"><img decoding=\"async\" src=\"https:\/\/s.w.org\/images\/core\/5.8\/portrait.jpg\" alt=\"A side profile of a woman in a russet-colored turtleneck and white bag. She looks up with her eyes closed.\" width=\"150\" height=\"150\"\/><\/figure>\n<\/div>\n\n\n<blockquote class=\"wp-block-quote has-text-align-center is-style-large is-layout-flow wp-block-quote-is-layout-flow\">\n<p>&#171;<strong>Schau tief in die Natur, und dann wirst du alles besser verstehen<\/strong>.&#187;<\/p>\n<cite>\u2014 Albert Einstein<em>r<\/em><\/cite><\/blockquote>\n\n\n\n<hr class=\"wp-block-separator has-css-opacity is-style-default\"\/>\n\n\n\n<div style=\"height:74px\" aria-hidden=\"true\" class=\"wp-block-spacer\"><\/div>\n\n\n\n<div class=\"wp-block-columns alignwide has-text-color has-background is-layout-flex wp-container-core-columns-is-layout-28f84493 wp-block-columns-is-layout-flex\" style=\"color:#000000;background-color:#ffffff\">\n<div class=\"wp-block-column is-vertically-aligned-top is-layout-flow wp-block-column-is-layout-flow\">\n<h2 class=\"wp-block-heading has-text-align-center\">2008 &#8211; 2011<\/h2>\n\n\n<div class=\"wp-block-image\">\n<figure class=\"aligncenter size-full is-resized\"><img loading=\"lazy\" decoding=\"async\" src=\"https:\/\/naturheilpraxis-becker.com\/wp-content\/uploads\/2023\/06\/Ueber-mich-Symbol.jpg\" alt=\"\" class=\"wp-image-184\" width=\"73\" height=\"53\"\/><\/figure>\n<\/div>\n\n\n<p class=\"has-text-align-center\"><br>Ausbildung zur staatl. anerkannten<br>Physiotherapeutin<\/p>\n<\/div>\n\n\n\n<div class=\"wp-block-column is-vertically-aligned-center is-layout-flow wp-block-column-is-layout-flow\">\n<h3 class=\"wp-block-heading has-text-align-center\" style=\"font-size:24px;line-height:1.3\">2008 &#8211; 2011<\/h3>\n\n\n<div class=\"wp-block-image\">\n<figure class=\"aligncenter size-full is-resized\"><img loading=\"lazy\" decoding=\"async\" src=\"https:\/\/naturheilpraxis-becker.com\/wp-content\/uploads\/2023\/06\/Ueber-mich-Symbol.jpg\" alt=\"\" class=\"wp-image-184\" width=\"80\" height=\"58\"\/><\/figure>\n<\/div>\n\n\n<p class=\"has-text-align-center\"><br>Zahlreiche Weiterbildungen (bsp. manuelle Lymphdrainage, manuelle Therapie etc.)<\/p>\n<\/div>\n\n\n\n<div class=\"wp-block-column is-vertically-aligned-center is-layout-flow wp-block-column-is-layout-flow\">\n<h3 class=\"wp-block-heading has-text-align-center\" style=\"font-size:24px;line-height:1.3\">2012 \u2013 2014<\/h3>\n\n\n<div class=\"wp-block-image\">\n<figure class=\"aligncenter size-full is-resized\"><img loading=\"lazy\" decoding=\"async\" src=\"https:\/\/naturheilpraxis-becker.com\/wp-content\/uploads\/2023\/06\/Ueber-mich-Symbol.jpg\" alt=\"\" class=\"wp-image-184\" width=\"80\" height=\"58\"\/><\/figure>\n<\/div>\n\n\n<p class=\"has-text-align-center\"><br>Ausbildung zur Tierphysiotherapeutin und Tierakupunkteurin beim ifT in Berlin<\/p>\n<\/div>\n<\/div>\n\n\n\n<div class=\"wp-block-cover alignfull is-light\" style=\"min-height:397px;aspect-ratio:unset;\"><span aria-hidden=\"true\" class=\"wp-block-cover__background has-background-dim\"><\/span><img loading=\"lazy\" decoding=\"async\" width=\"1024\" height=\"283\" class=\"wp-block-cover__image-background wp-image-196\" alt=\"\" src=\"https:\/\/naturheilpraxis-becker.com\/wp-content\/uploads\/2023\/06\/img13-gruen-1-1024x283.jpg\" data-object-fit=\"cover\" srcset=\"https:\/\/naturheilpraxis-becker.com\/wp-content\/uploads\/2023\/06\/img13-gruen-1-1024x283.jpg 1024w, https:\/\/naturheilpraxis-becker.com\/wp-content\/uploads\/2023\/06\/img13-gruen-1-300x83.jpg 300w, https:\/\/naturheilpraxis-becker.com\/wp-content\/uploads\/2023\/06\/img13-gruen-1-768x212.jpg 768w, https:\/\/naturheilpraxis-becker.com\/wp-content\/uploads\/2023\/06\/img13-gruen-1-1536x425.jpg 1536w, https:\/\/naturheilpraxis-becker.com\/wp-content\/uploads\/2023\/06\/img13-gruen-1.jpg 1920w\" sizes=\"(max-width: 1024px) 100vw, 1024px\" \/><div class=\"wp-block-cover__inner-container is-layout-flow wp-block-cover-is-layout-flow\">\n<div class=\"wp-block-columns is-layout-flex wp-container-core-columns-is-layout-28f84493 wp-block-columns-is-layout-flex\">\n<div class=\"wp-block-column is-vertically-aligned-top is-layout-flow wp-block-column-is-layout-flow\" style=\"flex-basis:100%\">\n<div class=\"wp-block-columns is-layout-flex wp-container-core-columns-is-layout-28f84493 wp-block-columns-is-layout-flex\">\n<div class=\"wp-block-column is-layout-flow wp-block-column-is-layout-flow\">\n<h2 class=\"wp-block-heading\"><mark style=\"background-color: rgba(0, 0, 0, 0);\" class=\"has-inline-color has-white-color\">Massagen, Therapien &amp; Wellness<\/mark><\/h2>\n\n\n\n<p><mark style=\"background-color: rgba(0, 0, 0, 0);\" class=\"has-inline-color has-white-color\">Ende 2018 habe ich meinen Wunsch nach einer eigenen Praxis in Kunersdorf bei Cottbus erf\u00fcllen k\u00f6nnen. Ab sofort stehe ich Ihnen in Kunersdorf nach Terminvereinbarung in den neuen gro\u00dfen R\u00e4umen zur Verf\u00fcgung.<\/mark><\/p>\n<\/div>\n\n\n\n<div class=\"wp-block-column is-layout-flow wp-block-column-is-layout-flow\">\n<h2 class=\"wp-block-heading\"><mark style=\"background-color: rgba(0, 0, 0, 0);\" class=\"has-inline-color has-white-color\">Physiotherapien auch f\u00fcr Tiere<\/mark><\/h2>\n\n\n\n<p><mark style=\"background-color: rgba(0, 0, 0, 0);\" class=\"has-inline-color has-white-color\">Diese Angebote dienen zur Erhaltung der Beweglichkeit, zur Pr\u00e4vention oder werden nach dem operativen Eingriff erfolgen zur Steigerung der Rehabilitation. Nutzen Sie meine Erfahrung auch bei der Erkrankungen des Bewegungsapparates.<\/mark><\/p>\n<\/div>\n<\/div>\n<\/div>\n<\/div>\n<\/div><\/div>\n\t\t\t\t\t\t\t\t<\/div>\n\t\t\t\t<\/div>\n\t\t\t\t\t<\/div>\n\t\t<\/div>\n\t\t\t\t\t<\/div>\n\t\t<\/section>\n\t\t\t\t<\/div>\n\t\t","protected":false},"excerpt":{"rendered":"<p>&#171;Schau tief in die Natur, und dann wirst du alles besser verstehen.&#187; \u2014 Albert Einsteinr 2008 &#8211; 2011 Ausbildung zur staatl. anerkanntenPhysiotherapeutin 2008 &#8211; 2011 Zahlreiche Weiterbildungen (bsp. manuelle Lymphdrainage, manuelle Therapie etc.) 2012 \u2013 2014 Ausbildung zur Tierphysiotherapeutin und Tierakupunkteurin beim ifT in Berlin<\/p>\n","protected":false},"author":1,"featured_media":0,"parent":0,"menu_order":0,"comment_status":"closed","ping_status":"closed","template":"","meta":{"footnotes":""},"class_list":["post-163","page","type-page","status-publish","hentry"],"_links":{"self":[{"href":"https:\/\/naturheilpraxis-becker.com\/index.php?rest_route=\/wp\/v2\/pages\/163","targetHints":{"allow":["GET"]}}],"collection":[{"href":"https:\/\/naturheilpraxis-becker.com\/index.php?rest_route=\/wp\/v2\/pages"}],"about":[{"href":"https:\/\/naturheilpraxis-becker.com\/index.php?rest_route=\/wp\/v2\/types\/page"}],"author":[{"embeddable":true,"href":"https:\/\/naturheilpraxis-becker.com\/index.php?rest_route=\/wp\/v2\/users\/1"}],"replies":[{"embeddable":true,"href":"https:\/\/naturheilpraxis-becker.com\/index.php?rest_route=%2Fwp%2Fv2%2Fcomments&post=163"}],"version-history":[{"count":10,"href":"https:\/\/naturheilpraxis-becker.com\/index.php?rest_route=\/wp\/v2\/pages\/163\/revisions"}],"predecessor-version":[{"id":253,"href":"https:\/\/naturheilpraxis-becker.com\/index.php?rest_route=\/wp\/v2\/pages\/163\/revisions\/253"}],"wp:attachment":[{"href":"https:\/\/naturheilpraxis-becker.com\/index.php?rest_route=%2Fwp%2Fv2%2Fmedia&parent=163"}],"curies":[{"name":"wp","href":"https:\/\/api.w.org\/{rel}","templated":true}]}}

<div data-elementor-type="wp-page" data-elementor-id="163" class="elementor elementor-163">
						<section class="elementor-section elementor-top-section elementor-element elementor-element-2edd14f9 elementor-section-boxed elementor-section-height-default elementor-section-height-default" data-id="2edd14f9" data-element_type="section" data-e-type="section">
						<div class="elementor-container elementor-column-gap-default">
					<div class="elementor-column elementor-col-100 elementor-top-column elementor-element elementor-element-7e76606" data-id="7e76606" data-element_type="column" data-e-type="column">
			<div class="elementor-widget-wrap elementor-element-populated">
						<div class="elementor-element elementor-element-1a5477e7 elementor-widget elementor-widget-text-editor" data-id="1a5477e7" data-element_type="widget" data-e-type="widget" data-widget_type="text-editor.default">
				<div class="elementor-widget-container">
									
<div class="wp-block-group alignfull"><div class="wp-block-group__inner-container is-layout-constrained wp-block-group-is-layout-constrained">
<div class="wp-block-cover alignfull is-light" style="min-height: 502px; padding: var(--wp--preset--spacing--30);aspect-ratio:unset;"><span aria-hidden="true" class="wp-block-cover__background has-black-background-color has-background-dim"></span><img fetchpriority="high" decoding="async" width="2000" height="1300" class="wp-block-cover__image-background wp-image-199" alt="" src="https://naturheilpraxis-becker.com/wp-content/uploads/2023/06/du-bist.jpg" data-object-fit="cover" srcset="https://naturheilpraxis-becker.com/wp-content/uploads/2023/06/du-bist.jpg 2000w, https://naturheilpraxis-becker.com/wp-content/uploads/2023/06/du-bist-300x195.jpg 300w, https://naturheilpraxis-becker.com/wp-content/uploads/2023/06/du-bist-1024x666.jpg 1024w, https://naturheilpraxis-becker.com/wp-content/uploads/2023/06/du-bist-768x499.jpg 768w, https://naturheilpraxis-becker.com/wp-content/uploads/2023/06/du-bist-1536x998.jpg 1536w" sizes="(max-width: 2000px) 100vw, 2000px" />
<div class="wp-block-cover__inner-container is-layout-flow wp-block-cover-is-layout-flow">

<h1 class="wp-block-heading">Über Mich</h1>




<h1 class="wp-block-heading alignwide has-text-align-left" id="we-re-a-studio-in-berlin-with-an-international-practice-in-architecture-urban-planning-and-interior-design-we-believe-in-sharing-knowledge-and-promoting-dialogue-to-increase-the-creative-potential-of-collaboration" style="font-size: 48px; line-height: 1.1;"><mark style="background-color: rgba(0, 0, 0, 0);" class="has-inline-color has-header-gradient-color"><strong>&#171;Wenn ich Menschen und Tier behandle,<br />gebe ich stets das Beste!&#187;</strong></mark></h1>

</div>
</div>
</div></div>



<div style="height:50px" aria-hidden="true" class="wp-block-spacer"></div>



<div class="wp-block-query is-layout-flow wp-block-query-is-layout-flow"><ul class="wp-block-post-template is-layout-flow wp-block-post-template-is-layout-flow"><li class="wp-block-post post-69 post type-post status-publish format-standard has-post-thumbnail hentry category-uncategorized">

<div class="wp-block-columns alignwide is-layout-flex wp-container-core-columns-is-layout-28f84493 wp-block-columns-is-layout-flex">
<div class="wp-block-column is-layout-flow wp-block-column-is-layout-flow" style="flex-basis:66.66%"><div class="wp-block-image">
<figure class="aligncenter size-full is-resized"><img decoding="async" src="https://naturheilpraxis-becker.com/wp-content/uploads/2023/06/Landphysio_Becker_Romy-Becker_Tierphysio-512x512-2.jpg" alt="" class="wp-image-191" width="439" height="439" srcset="https://naturheilpraxis-becker.com/wp-content/uploads/2023/06/Landphysio_Becker_Romy-Becker_Tierphysio-512x512-2.jpg 512w, https://naturheilpraxis-becker.com/wp-content/uploads/2023/06/Landphysio_Becker_Romy-Becker_Tierphysio-512x512-2-300x300.jpg 300w, https://naturheilpraxis-becker.com/wp-content/uploads/2023/06/Landphysio_Becker_Romy-Becker_Tierphysio-512x512-2-150x150.jpg 150w" sizes="(max-width: 439px) 100vw, 439px" /></figure>
</div></div>



<div class="wp-block-column is-layout-flow wp-block-column-is-layout-flow" style="flex-basis:33.33%">
<p>Ich bin Physiotherapeutin aus Leidenschaft. Ich liebe es den Menschen und den Tieren zu helfen und sie auf dem Weg der Genesung zu unterstützen.<br><br>Meine Tiere waren bis jetzt immer nur mein Hobby, umso glücklicher bin ich jetzt, da ich mein Hobby in den Beruf mit einfließen lassen kann.<br><br>Jetzt helfe ich nicht nur den Menschen sondern auch ihren treuen Weggefährten, den Hunden und Pferden.<br><br>Sollten Sie Bedarf an einer Behandlung oder Therapie haben, dann freue ich mich über eine Kontaktanfrage. Gern rufe ich Sie auch zurück.</p>
</div>
</div>

</li></ul></div>





<hr class="wp-block-separator has-css-opacity is-style-default"/>


<div class="wp-block-image is-style-rounded">
<figure class="aligncenter size-large is-resized"><img decoding="async" src="https://s.w.org/images/core/5.8/portrait.jpg" alt="A side profile of a woman in a russet-colored turtleneck and white bag. She looks up with her eyes closed." width="150" height="150"/></figure>
</div>


<blockquote class="wp-block-quote has-text-align-center is-style-large is-layout-flow wp-block-quote-is-layout-flow">
<p>&#171;<strong>Schau tief in die Natur, und dann wirst du alles besser verstehen</strong>.&#187;</p>
<cite>— Albert Einstein<em>r</em></cite></blockquote>



<hr class="wp-block-separator has-css-opacity is-style-default"/>



<div style="height:74px" aria-hidden="true" class="wp-block-spacer"></div>



<div class="wp-block-columns alignwide has-text-color has-background is-layout-flex wp-container-core-columns-is-layout-28f84493 wp-block-columns-is-layout-flex" style="color:#000000;background-color:#ffffff">
<div class="wp-block-column is-vertically-aligned-top is-layout-flow wp-block-column-is-layout-flow">
<h2 class="wp-block-heading has-text-align-center">2008 &#8211; 2011</h2>


<div class="wp-block-image">
<figure class="aligncenter size-full is-resized"><img loading="lazy" decoding="async" src="https://naturheilpraxis-becker.com/wp-content/uploads/2023/06/Ueber-mich-Symbol.jpg" alt="" class="wp-image-184" width="73" height="53"/></figure>
</div>


<p class="has-text-align-center"><br>Ausbildung zur staatl. anerkannten<br>Physiotherapeutin</p>
</div>



<div class="wp-block-column is-vertically-aligned-center is-layout-flow wp-block-column-is-layout-flow">
<h3 class="wp-block-heading has-text-align-center" style="font-size:24px;line-height:1.3">2008 &#8211; 2011</h3>


<div class="wp-block-image">
<figure class="aligncenter size-full is-resized"><img loading="lazy" decoding="async" src="https://naturheilpraxis-becker.com/wp-content/uploads/2023/06/Ueber-mich-Symbol.jpg" alt="" class="wp-image-184" width="80" height="58"/></figure>
</div>


<p class="has-text-align-center"><br>Zahlreiche Weiterbildungen (bsp. manuelle Lymphdrainage, manuelle Therapie etc.)</p>
</div>



<div class="wp-block-column is-vertically-aligned-center is-layout-flow wp-block-column-is-layout-flow">
<h3 class="wp-block-heading has-text-align-center" style="font-size:24px;line-height:1.3">2012 – 2014</h3>


<div class="wp-block-image">
<figure class="aligncenter size-full is-resized"><img loading="lazy" decoding="async" src="https://naturheilpraxis-becker.com/wp-content/uploads/2023/06/Ueber-mich-Symbol.jpg" alt="" class="wp-image-184" width="80" height="58"/></figure>
</div>


<p class="has-text-align-center"><br>Ausbildung zur Tierphysiotherapeutin und Tierakupunkteurin beim ifT in Berlin</p>
</div>
</div>



<div class="wp-block-cover alignfull is-light" style="min-height:397px;aspect-ratio:unset;"><span aria-hidden="true" class="wp-block-cover__background has-background-dim"></span><img loading="lazy" decoding="async" width="1024" height="283" class="wp-block-cover__image-background wp-image-196" alt="" src="https://naturheilpraxis-becker.com/wp-content/uploads/2023/06/img13-gruen-1-1024x283.jpg" data-object-fit="cover" srcset="https://naturheilpraxis-becker.com/wp-content/uploads/2023/06/img13-gruen-1-1024x283.jpg 1024w, https://naturheilpraxis-becker.com/wp-content/uploads/2023/06/img13-gruen-1-300x83.jpg 300w, https://naturheilpraxis-becker.com/wp-content/uploads/2023/06/img13-gruen-1-768x212.jpg 768w, https://naturheilpraxis-becker.com/wp-content/uploads/2023/06/img13-gruen-1-1536x425.jpg 1536w, https://naturheilpraxis-becker.com/wp-content/uploads/2023/06/img13-gruen-1.jpg 1920w" sizes="(max-width: 1024px) 100vw, 1024px" /><div class="wp-block-cover__inner-container is-layout-flow wp-block-cover-is-layout-flow">
<div class="wp-block-columns is-layout-flex wp-container-core-columns-is-layout-28f84493 wp-block-columns-is-layout-flex">
<div class="wp-block-column is-vertically-aligned-top is-layout-flow wp-block-column-is-layout-flow" style="flex-basis:100%">
<div class="wp-block-columns is-layout-flex wp-container-core-columns-is-layout-28f84493 wp-block-columns-is-layout-flex">
<div class="wp-block-column is-layout-flow wp-block-column-is-layout-flow">
<h2 class="wp-block-heading"><mark style="background-color: rgba(0, 0, 0, 0);" class="has-inline-color has-white-color">Massagen, Therapien &amp; Wellness</mark></h2>



<p><mark style="background-color: rgba(0, 0, 0, 0);" class="has-inline-color has-white-color">Ende 2018 habe ich meinen Wunsch nach einer eigenen Praxis in Kunersdorf bei Cottbus erfüllen können. Ab sofort stehe ich Ihnen in Kunersdorf nach Terminvereinbarung in den neuen großen Räumen zur Verfügung.</mark></p>
</div>



<div class="wp-block-column is-layout-flow wp-block-column-is-layout-flow">
<h2 class="wp-block-heading"><mark style="background-color: rgba(0, 0, 0, 0);" class="has-inline-color has-white-color">Physiotherapien auch für Tiere</mark></h2>



<p><mark style="background-color: rgba(0, 0, 0, 0);" class="has-inline-color has-white-color">Diese Angebote dienen zur Erhaltung der Beweglichkeit, zur Prävention oder werden nach dem operativen Eingriff erfolgen zur Steigerung der Rehabilitation. Nutzen Sie meine Erfahrung auch bei der Erkrankungen des Bewegungsapparates.</mark></p>
</div>
</div>
</div>
</div>
</div></div>
								</div>
				</div>
					</div>
		</div>
					</div>
		</section>
				</div>
